hen 11286 is divided by 83.
81
Calculate the remainder when 1719 is divided by 249.
225
Calculate the remainder when 1833 is divided by 88.
73
What is the remainder when 231 is divided by 52?
23
Calculate the remainder when 141 is divided by 7.
1
What is the remainder when 920 is divided by 65?
10
What is the remainder when 117 is divided by 43?
31
What is the remainder when 8027 is divided by 32?
27
Calculate the remainder when 25343 is divided by 176.
175
Calculate the remainder when 3086 is divided by 56.
6
What is the remainder when 11768 is divided by 107?
105
What is the remainder when 681 is divided by 90?
51
What is the remainder when 439 is divided by 40?
39
What is the remainder when 854 is divided by 210?
14
Calculate the remainder when 1925 is divided by 107.
106
What is the remainder when 834 is divided by 119?
1
What is the remainder when 125 is divided by 33?
26
What is the remainder when 2288 is divided by 10?
8
What is the remainder when 3305 is divided by 87?
86
What is the remainder when 1197 is divided by 44?
9
Calculate the remainder when 57 is divided by 27.
3
Calculate the remainder when 112 is divided by 5.
2
What is the remainder when 1448 is divided by 101?
34
What is the remainder when 5760 is divided by 175?
160
What is the remainder when 75 is divided by 46?
29
What is the remainder when 82 is divided by 7?
5
What is the remainder when 10385 is divided by 33?
23
What is the remainder when 10827 is divided by 15?
12
What is the remainder when 49 is divided by 11?
5
What is the remainder when 941 is divided by 26?
5
Calculate the remainder when 314 is divided by 51.
8
What is the remainder when 273 is divided by 4?
1
Calculate the remainder when 77 is divided by 32.
13
What is the remainder when 2628 is divided by 155?
148
Calculate the remainder when 544 is divided by 25.
19
What is the remainder when 52 is divided by 17?
1
Calculate the remainder when 312 is divided by 41.
25
What is the remainder when 577 is divided by 25?
2
Calculate the remainder when 152 is divided by 19.
0
What is the remainder when 416 is divided by 35?
31
Calculate the remainder when 287 is divided by 48.
47
Calculate the remainder when 433 is divided by 363.
70
What is the remainder when 285 is divided by 9?
6
Calculate the remainder when 1349 is divided by 104.
101
Calculate the remainder when 31 is divided by 18.
13
Calculate the remainder when 57 is divided by 12.
9
What is the remainder when 20631 is divided by 38?
35
What is the remainder when 822 is divided by 171?
138
What is the remainder when 269 is divided by 69?
62
What is the remainder when 1686 is divided by 837?
12
Calculate the remainder when 1665 is divided by 17.
16
What is the remainder when 429 is divided by 54?
51
Calculate the remainder when 1178 is divided by 5.
3
What is the remainder when 379 is divided by 364?
15
Calculate the remainder when 1703 is divided by 49.
37
What is the remainder when 544 is divided by 24?
16
What is the remainder when 141 is divided by 19?
8
What is the remainder when 131 is divided by 40?
11
What is the remainder when 293 is divided by 68?
21
Calculate the remainder when 1177 is divided by 389.
10
Calculate the remainder when 240 is divided by 239.
1
What is the remainder when 1548 is divided by 97?
93
What is the remainder when 412 is divided by 52?
48
What is the remainder when 30 is divided by 21?
9
What is the remainder when 634 is divided by 111?
79
What is the remainder when 225 is divided by 22?
5
What is the remainder when 626 is divided by 154?
10
Calculate the remainder when 84 is divided by 48.
36
What is the remainder when 111 is divided by 15?
6
Calculate the remainder when 137 is divided by 48.
41
What is the remainder when 138 is divided by 97?
41
What is the remainder when 4267 is divided by 1064?
11
What is the remainder when 222 is divided by 77?
68
Calculate the remainder when 941 is divided by 911.
30
What is the remainder when 32885 is divided by 378?
377
What is the remainder when 469 is divided by 89?
24
What is the remainder when 261 is divided by 71?
48
Calculate the remainder when 154 is divided by 30.
4
What is the remainder when 79 is divided by 31?
17
Calculate the remainder when 971 is divided by 165.
146
Calculate the remainder when 24 is divided by 7.
3
What is the remainder when 558 is divided by 446?
112
What is the remainder when 251 is divided by 64?
59
What is the remainder when 848 is divided by 278?
14
What is the remainder when 418 is divided by 21?
19
Calculate the remainder when 66 is divided by 36.
30
Calculate the remainder when 83 is divided by 46.
37
Calculate the remainder when 2219 is divided by 248.
235
Calculate the remainder when 1110 is divided by 24.
6
What is the remainder when 6353 is divided by 55?
28
What is the remainder when 1421 is divided by 178?
175
Calculate the remainder when 96 is divided by 20.
16
What is the remainder when 92 is divided by 56?
36
What is the remainder when 187 is divided by 53?
28
Calculate the remainder when 811 is divided by 183.
79
Calculate the remainder when 4749 is divided by 190.
189
What is the remainder when 19834 is divided by 18?
16
Calculate the remainder when 447 is divided by 6.
3
Calculate the remainder when 1634 is divided by 42.
38
What is the remainder when 515 is divided by 12?
11
What is the remainder when 550 is divided by 163?
61
Calculate the remainder when 1252 is divided by 414.
10
Calculate the remainder when 127 is divided by 16.
15
What is the remainder when 16 is divided by 5?
1
What is the remainder when 292 is divided by 106?
80
What is the remainder when 112 is divided by 35?
7
Calculate the remainder when 5371 is divided by 16.
11
Calculate the remainder when 32 is divided by 6.
2
Calculate the remainder when 293 is divided by 74.
71
What is the remainder when 632 is divided by 24?
8
What is the remainder when 939 is divided by 94?
93
Calculate the remainder when 56 is divided by 22.
12
Calculate the remainder when 21 is divided by 9.
3
What is the remainder when 1322 is divided by 42?
20
What is the remainder when 2507 is divided by 5?
2
Calculate the remainder when 257 is divided by 82.
11
Calculate the remainder when 3302 is divided by 43.
34
Calculate the remainder when 687 is divided by 140.
127
What is the remainder when 579 is divided by 84?
75
Calculate the remainder when 209 is divided by 48.
17
What is the remainder when 212 is divided by 12?
8
What is the remainder when 182 is divided by 61?
60
What is the remainder when 1324 is divided by 20?
4
Calculate the remainder when 205 is divided by 123.
82
What is the remainder when 85 is divided by 15?
10
What is the remainder when 302 is divided by 19?
17
What is the remainder when 587 is divided by 265?
57
Calculate the remainder when 145 is divided by 10.
5
What is the remainder when 338 is divided by 104?
26
Calculate the remainder when 2042 is divided by 9.
8
Calculate the remainder when 302 is divided by 203.
99
What is the remainder when 98 is divided by 44?
10
Calculate the remainder when 92 is divided by 48.
44
Calculate the remainder when 151 is divided by 45.
16
What is the remainder when 145 is divided by 69?
7
Calculate the remainder when 188 is divided by 85.
18
Calculate the remainder when 893 is divided by 82.
73
What is the remainder when 290 is divided by 30?
20
What is the remainder when 16 is divided by 10?
6
Calculate the remainder when 954 is divided by 66.
30
Calculate the remainder when 158 is divided by 17.
5
What is the remainder when 17476 is divided by 19?
15
What is the remainder when 1670 is divided by 186?
182
Calculate the remainder when 128 is divided by 22.
18
Calculate the remainder when 18 is divided by 7.
4
Calculate the remainder when 135 is divided by 32.
7
What is the remainder when 255 is divided by 54?
39
What is the remainder when 166 is divided by 36?
22
What is the remainder when 349 is divided by 25?
24
What is the remainder when 189 is divided by 50?
39
What is the remainder when 7719 is divided by 99?
96
What is the remainder when 561 is divided by 47?
44
Calculate the remainder when 177 is divided by 20.
17
Calculate the remainder when 434 is divided by 32.
18
Calculate the remainder when 7 is divided by 5.
2
Calcul